6*v - 239. Calculate f(-3).
229
Let r(v) = -72*v**3 - 361*v**2 + v + 14. Give r(-5).
-16
Let a(x) = x**3 + 9*x**2 - 4*x + 27. What is a(-6)?
159
Let j(y) = -3*y**3 - 47*y**2 + 68*y + 6. Determine j(-17).
6
Let l(q) = 27*q**2 + 1053*q + 191. Give l(-39).
191
Let r(t) = -t**3 - 5*t**2 + 229*t - 78. Give r(-18).
12
Let w(p) = -7*p**2 + 16*p + 55. Determine w(-3).
-56
Let u(h) = h**2 - 39*h + 233. What is u(18)?
-145
Let a(u) = 91*u + 691. What is a(-8)?
-37
Let t(y) = y**3 + 42*y**2 + 39*y + 3540. What is t(-43)?
14
Let m(w) = -w**3 - w**2 + 22*w + 31. What is m(-2)?
-9
Let b(t) = t**3 - 2*t**2 - t + 4. Determine b(3).
10
Let m(a) = -4*a**3 - 80*a**2 - 17*a - 36. Give m(-20).
304
Let q(y) = -y**2 - 51*y + 1211. Give q(17).
55
Let m(h) = -h**2 + 75. Give m(8).
11
Let f(w) = 6*w - 394. What is f(-28)?
-562
Let c(m) = -m**3 + 46*m**2 - 479*m - 17. Give c(16).
-1
Let c(r) = -5*r**2 + 134*r - 105. Give c(26).
-1
Let t(j) = -86*j + 417. Calculate t(5).
-13
Let z(p) = 4*p**2 - 114*p - 91. What is z(29)?
-33
Let m(i) = -33*i**2 + 605*i + 24. Calculate m(18).
222
Let k(c) = -2*c**3 + 11*c**2 + 14*c + 44. Determine k(7).
-5
Let p(j) = -4*j**2 - 44*j - 116. What is p(-7)?
-4
Let g(u) = 4*u**3 - 7*u**2 + 97*u + 103. Give g(-1).
-5
Let w(a) = -98*a**2 + 238*a - 13. Determine w(3).
-181
Let p(g) = 24*g**2 - 3021*g - 374. Calculate p(126).
4
Let n(j) = 3*j**2 + 7*j + 45. What is n(6)?
195
Let v(c) = -c**2 + 6*c + 59. Give v(14).
-53
Let n(m) = -26251*m + 26255. Determine n(1).
4
Let p(k) = -16*k - 21. What is p(4)?
-85
Let b(p) = -7*p**3 + 3*p**2 - 3*p + 5. Calculate b(2).
-45
Let z(t) = 7*t**2 - 32*t + 62. Give z(5).
77
Let p(z) = 2*z**3 - 14*z**2 - 17*z + 21. Determine p(8).
13
Let q(v) = v**2 + 6*v + 15. Calculate q(-2).
7
Let i(s) = -32*s**2 - 7*s + 10. Give i(-3).
-257
Let g(m) = -13*m + 1165. Give g(97).
-96
Let a(n) = n**3 + 71*n**2 + 506*n - 6. Determine a(-8).
-22
Let b(a) = -a**3 - 16*a**2 - 42*a + 43. What is b(-6)?
-65
Let o(r) = 405*r**2 + 55*r + 54. Give o(-1).
404
Let y(a) = a**3 + 44*a**2 + 133*a + 415. Give y(-41).
5
Let x(v) = -75*v**3 + 5*v**2 - 6*v + 2. Give x(1).
-74
Let x(y) = 2*y**3 + 60*y**2 - y + 58. Determine x(-30).
88
Let o(a) = -a**2 - 24*a + 342. Calculate o(-38).
-190
Let m(t) = t**3 - 28*t**2 + 3*t - 67. Give m(28).
17
Let l(p) = -p**2 - 168*p + 1043. Give l(6).
-1
Let n(a) = -2*a**3 - 20*a**2 + 22*a - 5. Calculate n(-11).
-5
Let q(z) = 2*z**2 + 205*z + 2765. What is q(-16)?
-3
Let c(m) = -m**2 + 46*m - 558. What is c(14)?
-110
Let b(l) = l + 95. Give b(-15).
80
Let x(g) = g**2 + 126*g + 3177. Determine x(-91).
-8
Let s(w) = -5*w**2 + 82*w - 23. Give s(16).
9
Let m(a) = -a**3 - 59*a**2 - 57*a + 29. Calculate m(-58).
-29
Let k(f) = f**2 + 45*f - 382. Determine k(9).
104
Let t(j) = 53*j**3 - 2*j**2 + 3*j + 1. Calculate t(1).
55
Let d(h) = h**2 - 14*h - 92. Calculate d(21).
55
Let m(j) = j**2 - 364. Give m(-19).
-3
Let x(b) = -b**3 + 24*b**2 - 94*b + 708. Determine x(21).
57
Let n(l) = -21*l - 119. What is n(15)?
-434
Let b(y) = -2187*y + 19557. Calculate b(9).
-126
Let t(g) = -29*g**3 + 2*g**2 + g - 1. Determine t(1).
-27
Let a(s) = s**3 - 18*s**2 - 28*s - 13. Determine a(20).
227
Let h(a) = 2004*a + 5. Give h(0).
5
Let j(b) = 3*b - 32. What is j(-8)?
-56
Let l(o) = -19*o - 357. What is l(-19)?
4
Let u(x) = -6*x - 204. Determine u(-43).
54
Let h(n) = 2*n**3 - 108*n**2 + 1357*n + 63. Determine h(20).
3
Let w(g) = 22*g - 399. Calculate w(17).
-25
Let v(i) = -i**3 + 75*i**2 + 574*i - 5. Give v(82).
-5
Let c(d) = -2*d**3 - 20*d**2 + 115*d + 11. Give c(-13).
-470
Let h(q) = -4*q**3 + 24*q**2 - 82*q - 16. Determine h(5).
-326
Let q(j) = -46*j - 1930. Determine q(-42).
2
Let d(b) = 26*b + 136. Calculate d(-6).
-20
Let y(r) = 22*r + 368. Calculate y(-9).
170
Let h(j) = 8*j**2 + 572*j - 8797. What is h(13)?
-9
Let h(r) = -28*r**2 - 2*r - 2. Calculate h(2).
-118
Let w(q) = -q**3 - 21*q**2 + 19*q - 70. Give w(-22).
-4
Let x(j) = -j**3 + 5*j**2 + 25*j + 10. Give x(10).
-240
Let m(o) = -5*o + 63. Determine m(7).
28
Let m(p) = -4*p**2 - 392*p - 780. Determine m(-96).
-12
Let d(t) = t**3 - 112*t**2 + 428*t + 427. Determine d(108).
-5
Let g(m) = -57*m - 1680. Calculate g(-28).
-84
Let k(q) = 2*q**3 - 15*q**2 - 21*q - 11. What is k(9)?
43
Let x(f) = -11*f**2 - 105*f - 14. What is x(-10)?
-64
Let t(d) = 44*d - 1920. Determine t(44).
16
Let v(f) = f**3 + 10*f**2 - 22*f - 5. What is v(-11)?
116
Let y(x) = 5*x - 366. Calculate y(74).
4
Let l(v) = 1195*v - 53794. Determine l(45).
-19
Let y(s) = 2*s**3 - 8*s**2 + 4*s + 17. Give y(3).
11
Let s(p) = 474*p - 10842. What is s(23)?
60
Let b(i) = -3*i**3 - 6*i**2 - 21*i - 45. Determine b(-3).
45
Let l(s) = -s**2 - 160*s + 1702. What is l(10)?
2
Let i(z) = -120*z + 35. What is i(1)?
-85
Let y(w) = -2*w**3 + 178*w**2 + 185*w - 498. Determine y(90).
-48
Let g(p) = -p**3 - 10*p**2 + p - 9. Give g(-5).
-139
Let k(v) = -8*v + 73. Calculate k(-27).
289
Let z(x) = -1242*x - 1262. Determine z(-1).
-20
Let t(s) = -6*s**3 + 343*s**2 - 58*s + 73. Determine t(57).
16
Let f(x) = -26*x**2 + 5*x + 1. Calculate f(-2).
-113
Let o(g) = -5*g**3 + 3*g**2 - 16*g + 51. Give o(3).
-105
Let b(p) = -3*p**3 - 17*p**2 - 7*p - 7. Determine b(-6).
71
Let f(o) = -3426*o + 3427. Calculate f(1).
1
Let y(t) = -t - 479. Determine y(-12).
-467
Let j(f) = f**3 - 402*f**2 - 2031*f - 1623. Give j(407).
5
Let y(k) = 14*k - 40. What is y(0)?
-40
Let v(a) = 15*a - 16. Give v(1).
-1
Let h(s) = -6*s**3 - s**2 - 10*s - 4. Determine h(-3).
179
Let w(x) = 12*x**2 - 77*x + 68. What is w(1)?
3
Let i(x) = 4*x**2 - 136*x - 32. Give i(33).
-164
Let y(g) = g**2 + 9*g - 319. What is y(14)?
3
Let h(d) = 2*d**2 + 4*d - 10. Give h(-4).
6
Let n(y) = 297*y + 2. Calculate n(0).
2
Let l(n) = -n**2 + 2518*n + 17704. Calculate l(-7).
29
Let v(c) = c**2 - 430*c - 1738. Give v(-4).
-2
Let u(k) = -3*k**3 - 50*k**2 + 16*k + 2. Give u(-17).
19
Let s(j) = -4*j**3 - 40*j**2 - 4*j - 19. What is s(-10)?
21
Let l(j) = -4*j - 138. What is l(-28)?
-26
Let l(n) = -12*n**2 + 444*n + 56. Give l(37).
56
Let r(c) = -48*c**2 - 770*c + 770. Calculate r(1).
-48
Let i(l) = 10*l + 744. What is i(-74)?
4
Let g(q) = 2*q**2 - 64*q + 416. What is g(23)?
2
Let h(v) = -84*v + 1645. Give h(17).
217
Let o(d) = -d**2 - 9*d + 8. Calculate o(-4).
28
Let p(z) = 522*z + 5219. Calculate p(-10).
-1
Let c(b) = -2*b**3 - 33*b**2 + 259*b + 37. What is c(6)?
-29
Let u(j) = 2*j**2 + 8*j - 13. Give u(2).
11
Let o(y) = y**2 + 32*y - 214. Give o(0).
-214
Let v(p) = 6946*p - 6951. Calculate v(1).
-5
Let d(w) = w**2 + 44*w - 384. Give d(-58).
428
Let g(b) = -2213*b - 8851. What is g(-4)?
1
Let s(g) = 191*g + 1029. Determine s(-5).
74
Let j(l) = -134*l + 2. Give j(0).
2
Let a(c) = -6*c**3 - 77*c**2 + 25*c - 4. Determine a(-13).
-160
Let l(x) = 1428*x - 11362. Calculate l(8).
62
Let v(f) = -7*f**3 + 202*f**2 + 23*f + 127. Calculate v(29).
-47
Let l(k) = 5016*k - 15039. Determine l(3).
9
Let i(f) = 112*f - 416. Calculate i(5).
144
Let m(p) = 3*p**2 + 541*p - 2018. Give m(-184).
6
Let k(r) = 10*r - 170. Give k(18).
10
Let q(c) = -c**3 - 10*c**2 + 34*c - 20. Calculate q(6).
-392
Let u(v) = 7*v**2 + v + 15. Give u(3).
81
Let r(q) = 41*q + 248. What is r(16)?
904
Let g(x) = -x**2 + 33*x + 13525. What is g(-101)?
-9
Let r(k) = -24*k - 525. Give r(-22).
3
Let h(s) = s**3 + 13*s**2 - 32*s - 1. Calculate h(-15).
29
Let j(a) = 3*a**2 - 115*a - 99. Give j(39).
-21
Let l(q) = -q**3 - 26*q**2 + 51*q + 417. Determine l(-27).
-231
Let l(h) = 2*h**3 - 67*h**2 + 40*h - 222. Give l(33).
9
Let z(a) = 3*a**2 - 6*a - 213. Determine z(10).
27
Let z(o) = 66*o - 200. Determine z(-8).
-728
Let d(c) = 45*c - 195. What is d(8)?
165
Let w(g) = -6467*g - 200480. Determine w(-31).
-3
Let u(m) = 23*m - 263. Calculate u(11).
-10
Let y(u) = -29*u - 2397. Calculate y(-83).
10
Let f(t) = -4*t**3 + 2*t**2 - 17*t - 12. What is f(-1)?
11
Let t(b) = -66*b + 906. What is t(17)?
-216
Let x(m) = m**3 + 20*m**2 - 49*m + 117. What is x(-23)?
-343
Let v(r) = -14*r**2 - 128*r - 4. Determine v(-9).
14
Let h(r) = 76*r**2 - 3113*r - 118. What is h(41)?
5
Let m(o) = 12*o**3 + 1813*o**2 + 151*o - 64. Give m(-151).
-64
Let r(g) = -3*g + 19. Give r(24).
-53
Let i(a) = 28*a + 496. Calculate i(-31).
-372
Let o(d) = -3*d**3 - 101*d**2 - 67*d - 24. Calculate o(-33).
9
Le